er when 51 is divided by 10.
1
Calculate the remainder when 1488 is divided by 735.
18
What is the remainder when 7777 is divided by 20?
17
Calculate the remainder when 141 is divided by 8.
5
Calculate the remainder when 110 is divided by 71.
39
What is the remainder when 163 is divided by 82?
81
Calculate the remainder when 475 is divided by 53.
51
What is the remainder when 238 is divided by 80?
78
Calculate the remainder when 4509 is divided by 32.
29
Calculate the remainder when 2323 is divided by 27.
1
Calculate the remainder when 100 is divided by 89.
11
What is the remainder when 172 is divided by 56?
4
Calculate the remainder when 926 is divided by 78.
68
Calculate the remainder when 898 is divided by 31.
30
What is the remainder when 57 is divided by 13?
5
Calculate the remainder when 981 is divided by 240.
21
Calculate the remainder when 954 is divided by 46.
34
What is the remainder when 1039 is divided by 104?
103
Calculate the remainder when 1341 is divided by 446.
3
What is the remainder when 1086 is divided by 84?
78
What is the remainder when 1397 is divided by 70?
67
What is the remainder when 130 is divided by 15?
10
What is the remainder when 3228 is divided by 4?
0
Calculate the remainder when 228 is divided by 42.
18
What is the remainder when 153 is divided by 31?
29
Calculate the remainder when 1910 is divided by 113.
102
Calculate the remainder when 390 is divided by 138.
114
Calculate the remainder when 2213 is divided by 729.
26
What is the remainder when 132 is divided by 23?
17
What is the remainder when 69 is divided by 16?
5
What is the remainder when 172 is divided by 130?
42
What is the remainder when 131 is divided by 17?
12
Calculate the remainder when 278 is divided by 30.
8
Calculate the remainder when 138 is divided by 46.
0
What is the remainder when 36 is divided by 25?
11
Calculate the remainder when 732 is divided by 16.
12
What is the remainder when 93 is divided by 10?
3
Calculate the remainder when 8909 is divided by 198.
197
Calculate the remainder when 4751 is divided by 144.
143
Calculate the remainder when 270 is divided by 74.
48
Calculate the remainder when 1563 is divided by 63.
51
What is the remainder when 681 is divided by 322?
37
What is the remainder when 1388 is divided by 175?
163
What is the remainder when 93 is divided by 91?
2
What is the remainder when 1255 is divided by 115?
105
What is the remainder when 380 is divided by 135?
110
Calculate the remainder when 3142 is divided by 17.
14
What is the remainder when 632 is divided by 121?
27
What is the remainder when 71 is divided by 27?
17
What is the remainder when 1664 is divided by 151?
3
Calculate the remainder when 248 is divided by 50.
48
What is the remainder when 905 is divided by 101?
97
Calculate the remainder when 369 is divided by 10.
9
What is the remainder when 30 is divided by 17?
13
What is the remainder when 6439 is divided by 2146?
1
What is the remainder when 564 is divided by 63?
60
Calculate the remainder when 167 is divided by 22.
13
What is the remainder when 169 is divided by 62?
45
What is the remainder when 1172 is divided by 98?
94
Calculate the remainder when 262 is divided by 39.
28
Calculate the remainder when 74 is divided by 15.
14
Calculate the remainder when 52 is divided by 19.
14
What is the remainder when 176 is divided by 71?
34
What is the remainder when 518 is divided by 40?
38
Calculate the remainder when 1922 is divided by 107.
103
What is the remainder when 141 is divided by 36?
33
Calculate the remainder when 529 is divided by 43.
13
Calculate the remainder when 1367 is divided by 679.
9
Calculate the remainder when 255 is divided by 43.
40
What is the remainder when 410 is divided by 58?
4
Calculate the remainder when 1072 is divided by 332.
76
Calculate the remainder when 117 is divided by 3.
0
Calculate the remainder when 129 is divided by 7.
3
Calculate the remainder when 3116 is divided by 48.
44
What is the remainder when 76 is divided by 73?
3
What is the remainder when 12188 is divided by 16?
12
Calculate the remainder when 181 is divided by 75.
31
What is the remainder when 216 is divided by 31?
30
Calculate the remainder when 284 is divided by 48.
44
What is the remainder when 663 is divided by 113?
98
Calculate the remainder when 153 is divided by 78.
75
What is the remainder when 2026 is divided by 287?
17
What is the remainder when 3246 is divided by 147?
12
Calculate the remainder when 409 is divided by 129.
22
Calculate the remainder when 91 is divided by 20.
11
Calculate the remainder when 41 is divided by 25.
16
Calculate the remainder when 168 is divided by 69.
30
What is the remainder when 315 is divided by 143?
29
Calculate the remainder when 478 is divided by 30.
28
What is the remainder when 189 is divided by 50?
39
Calculate the remainder when 526 is divided by 23.
20
What is the remainder when 69 is divided by 26?
17
What is the remainder when 1711 is divided by 107?
106
What is the remainder when 2103 is divided by 78?
75
Calculate the remainder when 192 is divided by 168.
24
What is the remainder when 220 is divided by 37?
35
What is the remainder when 75 is divided by 49?
26
What is the remainder when 3065 is divided by 6?
5
Calculate the remainder when 384 is divided by 77.
76
Calculate the remainder when 350 is divided by 30.
20
What is the remainder when 449 is divided by 4?
1
Calculate the remainder when 188 is divided by 28.
20
What is the remainder when 149 is divided by 10?
9
Calculate the remainder when 1404 is divided by 350.
4
What is the remainder when 47 is divided by 32?
15
What is the remainder when 8558 is divided by 8556?
2
Calculate the remainder when 7020 is divided by 3508.
4
Calculate the remainder when 89 is divided by 31.
27
Calculate the remainder when 166 is divided by 57.
52
Calculate the remainder when 3399 is divided by 42.
39
What is the remainder when 432 is divided by 31?
29
Calculate the remainder when 19199 is divided by 30.
29
Calculate the remainder when 111 is divided by 51.
9
Calculate the remainder when 388 is divided by 102.
82
Calculate the remainder when 949 is divided by 158.
1
Calculate the remainder when 357 is divided by 171.
15
Calculate the remainder when 247 is divided by 28.
23
What is the remainder when 14909 is divided by 70?
69
Calculate the remainder when 117 is divided by 54.
9
Calculate the remainder when 3452 is divided by 1721.
10
Calculate the remainder when 72 is divided by 28.
16
Calculate the remainder when 267 is divided by 142.
125
What is the remainder when 878 is divided by 112?
94
What is the remainder when 224 is divided by 73?
5
Calculate the remainder when 1059 is divided by 18.
15
Calculate the remainder when 265 is divided by 38.
37
Calculate the remainder when 384 is divided by 99.
87
Calculate the remainder when 827 is divided by 92.
91
What is the remainder when 6992 is divided by 212?
208
What is the remainder when 20986 is divided by 66?
64
Calculate the remainder when 304 is divided by 99.
7
What is the remainder when 151 is divided by 49?
4
Calculate the remainder when 63 is divided by 40.
23
What is the remainder when 2695 is divided by 75?
70
What is the remainder when 7655 is divided by 174?
173
What is the remainder when 50 is divided by 38?
12
What is the remainder when 172 is divided by 6?
4
What is the remainder when 2302 is divided by 18?
16
Calculate the remainder when 194 is divided by 96.
2
Calculate the remainder when 10958 is divided by 8.
6
What is the remainder when 142 is divided by 50?
42
Calculate the remainder when 3760 is divided by 626.
4
Calculate the remainder when 196 is divided by 51.
43
What is the remainder when 37 is divided by 4?
1
Calculate the remainder when 547 is divided by 23.
18
What is the remainder when 93 is divided by 14?
9
Calculate the remainder when 26414 is divided by 15.
14
What is the remainder when 40 is divided by 26?
14
What is the remainder when 734 is divided by 30?
14
Calculate the remainder when 1729 is divided by 247.
0
What is the remainder when 171 is divided by 15?
6
Calculate the remainder when 143 is divided by 28.
3
Calculate the remainder when 418 is divided by 14.
12
Calculate the remainder when 127 is divided by 22.
17
Cal